- 5*u = -53, -o + 18*u = 16*u - 25. Let c be 0/1 - 32/(-2). Let y = o - c. What are the prime factors of y?
5
Suppose 3*z = -2*z - 10, 2*c + 2*z + 154 = 0. What are the prime factors of 0/2 - (c + -2 - 0)?
7, 11
Let o be (1/2)/(2/8). Let r(x) = 2*x - x - o*x + 4*x. What are the prime factors of r(6)?
2, 3
Let j = -54 + 19. Suppose -30 = 3*f - 4*o, 4*f - 6*o + 33 = -3*o. What are the prime factors of f/(-14) - 930/j?
3
Suppose 4*h = -2*q + 2018, -q - 12*h + 8*h + 1019 = 0. What are the prime factors of q?
3, 37
Suppose 0 = -7*c + 9*c - 42. Let j = 51 - c. Let n = 57 - j. List the prime factors of n.
3
Suppose 2*y + 0*w - 48 = 2*w, 5*w + 32 = y. Suppose 3*a - y = -u + 6*a, -u + 12 = -a. What are the prime factors of u?
7
Let z(u) = -11*u**2 + 10*u - 27. Let i be z(5). Let f = i + 365. What are the prime factors of f?
113
Suppose -5*x = -10*x + 10. Suppose 77 = x*k + 5*v, -3*k + 167 = k - 3*v. List the prime factors of k.
41
Let q(p) = p**3 + 10*p**2 + 3*p + 4. Suppose -4*z = -x + 31, 5*z + 2*x = 3*z - 8. List the prime factors of q(z).
2, 5, 13
Suppose 0 = o + 5*y - 518, 22*y + 1015 = 2*o + 25*y. What are the prime factors of o?
503
Suppose 3*g = -4*u + 2653, -4*g = -4*u - 9*g + 2659. List the prime factors of u.
661
Let t(c) = 674*c + 1. What are the prime factors of t(1)?
3, 5
Suppose -6*q - 424 = -2*f - 4*q, -4*f = -3*q - 843. List the prime factors of f.
3, 23
Suppose 5*b + 35 = -5*f, b + 2*f + 14 - 2 = 0. Let w(u) = -76*u - 13. What are the prime factors of w(b)?
139
Let x(o) = 43*o - 2. Let d be x(1). Suppose -4*s + 128 = -3*l, -3*s - 3*l + d = -76. List the prime factors of s.
5, 7
Suppose 0*l = 4*l + 136. Let b = l + 36. What are the prime factors of b?
2
Let k(n) = 5*n**2 - 4*n. Let z(r) = -r**3 - 16*r**2 + 12*r + 1. Let f(o) = 11*k(o) + 4*z(o). List the prime factors of f(-4).
2, 5
Let b = -15 - -9. Suppose 2*r - 5 = 5*z, -z - 5 = 3*r - 4. Let a = z - b. List the prime factors of a.
5
Let k(n) = -6*n**3 - 6*n**2 - 9*n - 62. What are the prime factors of k(-8)?
2, 19, 71
Let l be 8/6*(-27)/2. List the prime factors of (-6215)/(-99) + (-4)/l.
3, 7
Suppose -3*t + 8 = 4*b + t, 3*b = -5*t + 6. Suppose 7*u = b*u + 160. List the prime factors of u.
2
Let q(z) = -25*z + 9*z + z**2 + 3 + 12*z. List the prime factors of q(6).
3, 5
Suppose 0 = -9*d + 6*d + n + 11, -d + 3*n = -1. What are the prime factors of d/16 - ((-813)/12 - 2)?
2, 5, 7
Suppose -6*t + 32 = -2*t. List the prime factors of (52/6)/(t/60).
5, 13
Let q = 236 + 1478. List the prime factors of q.
2, 857
Let b(p) = p**2 - 3*p + 14. Let l be b(5). Suppose -c - 2*c + l = 0. What are the prime factors of c?
2
Suppose -3*s + 637 = -689. Suppose -5*v + 754 = -u + 4, -3*v + s = u. List the prime factors of v.
149
Suppose 6*h + 224 = -4*a + h, 0 = -3*a - 2*h - 161. Let f = a + 110. Suppose -3*s = 2*d - 4*d - f, -5*s + 125 = 2*d. What are the prime factors of s?
23
Suppose 5*x + 4*p - 1605 = 2414, -2*x = -4*p - 1602. List the prime factors of x.
11, 73
Suppose 18 = 2*h + 5*y, -y = -h + 4*y + 39. Let o(a) = -12 + h - 4*a + 2*a. List the prime factors of o(-6).
19
Let y(j) = -60*j**2 + 4*j - 2. Let g be y(1). Let i = 60 + g. List the prime factors of i.
2
Let j be -2 + 3/1 + -4. Let h be (-46)/(j/(315/(-2))). List the prime factors of (-6)/39 - h/65.
37
Suppose 0 = 4*w + 7 - 7. Suppose -4*j + 0*j + 4*q + 196 = w, 3*q - 65 = -j. List the prime factors of j.
53
What are the prime factors of (54/(-42))/((-2)/14*1)?
3
Suppose 2*z - w = 7*z - 270, -160 = -3*z - w. Let k = z + -52. List the prime factors of k.
3
Suppose 5*l + 2*j = 3250, -2*l + 517 = -3*j - 764. List the prime factors of l.
2, 3
Suppose v = 5*f - 4, 3 = 4*f - 5. Let t be (50/(-6))/((-3)/18). Suppose 4*d + t = v*d. What are the prime factors of d?
5
Let t = 9 + -5. Let p(j) = -1 + j**2 + 2*j**2 - 2*j - 2*j + 4. What are the prime factors of p(t)?
5, 7
Suppose 2551 = -5*d + 12136. What are the prime factors of d?
3, 71
Let w = -84 + 80. List the prime factors of (-794)/(-8) + w/16*1.
3, 11
Let q be (1 - 0) + (188 - -1). Suppose 18 + 7 = 5*a. Suppose 0*c = a*c - q. List the prime factors of c.
2, 19
Suppose u = 4*p + 7, 3*p + 46 = 4*u - 34. Suppose -k + 4 + u = 0. List the prime factors of k.
3
What are the prime factors of 11/(330/24) - 37130/(-25)?
2, 743
Suppose -r = 3 - 5. What are the prime factors of r*-138*(-9)/12?
3, 23
Suppose -8 = k - 5. What are the prime factors of 31 - k*(-2)/3?
29
Let n = 4 + 0. Let l be 3 - (n + 2/(-1)). Suppose -k = -l, 5 = -4*f + 3*k + 182. What are the prime factors of f?
3, 5
Let a(i) be the second derivative of i**3/2 + 7*i**2/2 - 4*i. List the prime factors of a(11).
2, 5
Let b be -2*(-3)/(-18)*-39*29. Suppose -5*a + b = -3*z + 2*z, -2*a = -5*z - 160. What are the prime factors of a?
3, 5
Let x(s) = s**3 - 16*s**2 + 47*s + 16. Let c be x(12). Let j(p) = 77*p - 12. What are the prime factors of j(c)?
2, 37
Let v(c) = -c**2 - 24*c + 4. Let g be v(-8). Let q = 232 - g. List the prime factors of q.
2, 5
Let q(n) = 8*n**3 + 7*n**2 + 2*n - 17. What are the prime factors of q(7)?
2, 3, 257
Let a(w) = 61*w - 373. What are the prime factors of a(14)?
13, 37
Let q(f) = -11*f**2 - 13*f - 47. Let d(c) = 6*c**2 + 6*c + 24. Let v(u) = -7*d(u) - 4*q(u). List the prime factors of v(-8).
2, 17
Let r = -949 - -1234. What are the prime factors of r?
3, 5, 19
Let m(q) be the first derivative of 9*q**2/2 - 5*q + 9. List the prime factors of m(2).
13
Let n(r) = r**3 - 4*r**2 + 3*r + 4. Let u be n(3). Suppose 0 = 3*g - u*x - 187, g - x = -0 + 61. Let s = g + -28. What are the prime factors of s?
29
Let m(b) = -b**3 + b**2 - 2*b - 8. Let c be m(0). What are the prime factors of (-4)/(c/(-38))*(2 + -7)?
5, 19
Let p = 1371 - -2460. What are the prime factors of p?
3, 1277
Let k(h) = -h**2 - 4*h - 4. Let j be k(-5). Let l(n) = -4*n**2 - 4*n + 0 + 3*n**2 - 5*n + 2. List the prime factors of l(j).
2
Suppose -10*p = 2592 - 18882. What are the prime factors of p?
3, 181
Suppose 946 = -14*i + 3004. Suppose 3*f + 4*r = 439, 284 = 3*f + 2*r - i. What are the prime factors of f?
3, 47
Let i(a) = -a**3 - 18*a**2 + 23*a - 9. What are the prime factors of i(-22)?
7, 29
Suppose -3*b - 2*b = 4*d - 92, d - 67 = -4*b. List the prime factors of (100/8)/(2/b).
2, 5
Suppose 14300 = 5*b + 5*x, -3*b + x = -b - 5714. What are the prime factors of b?
2, 1429
Let t(b) be the third derivative of 0*b**3 - 1/24*b**4 + 0 + 0*b - 3*b**2. List the prime factors of t(-7).
7
Suppose 0 = 4*w + 2*p - 6, w = 2*p - 4*p + 9. Let h(i) = 18*i**3 + i**2 + 2*i + 1. Let t be h(-1). What are the prime factors of w*9/(t/112)?
2, 7
Let q(w) = -9*w - 60. Let y be q(-7). Suppose 2*c - 330 = 4*n, -2*n + 0*n - 487 = -y*c. List the prime factors of c.
7, 23
Suppose 3*q - 3*l - 2799 = 0, 3*l = 5*q + 5*l - 4644. List the prime factors of q.
2, 3, 5, 31
Suppose -2131 - 1099 = -10*h. List the prime factors of h.
17, 19
Let n be 598/14 - (-10)/35. Let h = n - -132. List the prime factors of h.
5, 7
Suppose y = -4*g + 7*g - 11, 1 = -g + 5*y. Suppose -g*d - l = -5*d + 132, 3*l = -d + 116. What are the prime factors of d?
2
Let b(m) = -3*m**3 + 2*m + 8. Let d(l) = -l**2 - l + 1. Let n(t) = -b(t) + 3*d(t). Let y be n(5). Suppose g = -5*g + y. List the prime factors of g.
3, 5
Let w(r) = -r**3 + 33*r**2 + 71*r + 117. What are the prime factors of w(34)?
5, 11
Let i(o) = -8*o**3 - o**2 - o - 47. What are the prime factors of i(-5)?
3, 311
Let r be 4*(-2)/(2/(-17)). Let c = r + 242. List the prime factors of (-4)/5*c/(-4).
2, 31
Let k = 119 - -805. Suppose -12*a - 2*a + k = 0. List the prime factors of a.
2, 3, 11
Let v = -1603 + 2409. What are the prime factors of v?
2, 13, 31
Let v be 1*(1 - (-6 - -2)). Suppose -5*l + v = -2*u + 22, -12 = -2*u + 4*l. Let r = u - -30. What are the prime factors of r?
2, 13
Suppose -4*i - 2713 = -5*a, -3*i - 421 - 126 = -a. List the prime factors of a.
541
Let u(l) = 5*l**2 - 4. Let s(c) = -6*c**2 + c + 1. Let m be s(-1). Let j be 1/((-3)/m*-1). What are the prime factors of u(j)?
2
Let c(u) = u**2 - 6*u - 7. What are the prime factors of c(-4)?
3, 11
Let r = -252 - -542. List the prime factors of r.
2, 5, 29
Suppose -4*v + 4*y = 8*y - 680, v - 5*y = 200. Let p(n) = -13*n**2 + 4*n - 2. Let j be p(3). Let z = j + v. What are the prime factors of z?